t l be (6/4)/(1/2). Suppose 0 = l*x + 4 - 16, -u = -3*x + 3. What are the prime factors of u?
3
Suppose -2*f = -3*f + 1. Let d be (-1 - f - 0) + -1. List the prime factors of -2 + (-27)/d + 3.
2, 5
Suppose 3*v + 48 = 4*n - 41, -5*v + 45 = 3*n. Suppose -4*z + 0 + n = 0. List the prime factors of z.
5
Let g(l) = 11*l**2 + 2 - l**2 - 1. Let d = 1 - 2. List the prime factors of g(d).
11
Let r = 12 - -2. Suppose 2*v - 40 = 2*g - r, 5*v - 3*g - 65 = 0. What are the prime factors of v?
13
Let q = 52 - 37. List the prime factors of q.
3, 5
Suppose u + 3*u - 36 = 0. Suppose c = -3, -2*p + 10 = -5*c - u. Let l = p - -1. What are the prime factors of l?
3
Let g be -4 - 0 - (6 - 8). Let j = -4 + 2. List the prime factors of 0/g - j*8.
2
Let y = -14 + 5. Let j = 12 + y. List the prime factors of j.
3
Suppose 8*a = 15*a - 875. List the prime factors of a.
5
Suppose 3*w = 5*b - 217, 5*b - 2*w + 3*w = 201. Let p = -27 + b. What are the prime factors of p?
2, 7
Let y(t) = -t**2 + 4*t + 5. Let n be y(6). Let q(s) = -s**2 - 11*s. List the prime factors of q(n).
2, 7
Let m = 6 - 1. Suppose t - 2 = 0, -m*i + 6*t + 57 = 2*t. What are the prime factors of i?
13
Suppose g - 64 = -4*w, 4*g - 6*g - 93 = -5*w. List the prime factors of w.
17
Let v be 8 - 1 - (5 + -2). Suppose -31 - 37 = -v*x. List the prime factors of x.
17
Suppose -1 = 5*a - 21. Let b be (-1 + 15)*11/2. Suppose -3*u + a*t = -43, 4*u + 21 = 4*t + b. What are the prime factors of u?
13
Let x = -140 - -307. List the prime factors of x.
167
Suppose 5*b - 34 = 26. Suppose 6 + 6 = i. What are the prime factors of ((-4)/i)/((-2)/b)?
2
Let o(j) = -j**3 + 6*j**2 + 3*j + 10. List the prime factors of o(6).
2, 7
Suppose -c = 3*c + 2*y - 114, -5*c + 123 = -4*y. Let p = 19 - c. Let d = 3 - p. List the prime factors of d.
11
Suppose -3*a + 4*a = 2*x + 201, -3*x + 992 = 5*a. What are the prime factors of a?
199
Let u = 0 + 13. Suppose -11*v = -u*v + 26. List the prime factors of v.
13
Let z(j) = 5*j - 2. Let q be z(1). Suppose -2*g - 87 = -q*w + g, 0 = -4*w + 3*g + 112. What are the prime factors of w?
5
Suppose -3*c = -c - 24. List the prime factors of c.
2, 3
Suppose 0 = -0*d - 3*d - 12. Let i be -3 - (d + 2) - 0. What are the prime factors of 6 - -1 - i*2?
3
Let l be 26/5 + (-4)/20. Suppose l*w - 21 = 4*w. List the prime factors of w.
3, 7
Suppose 4*z + j - 34 = -4*j, -4*z = 2*j - 28. Let v = -1 + z. Suppose -b - 3*b - v*w + 26 = 0, -3*b + 5*w = -37. List the prime factors of b.
3
Suppose -3*g + 4*c + 825 = 6*c, -c = 4*g - 1105. List the prime factors of g.
277
Let f(k) = -k - 7. Let j(q) = -1. Let x(m) = -f(m) - 5*j(m). List the prime factors of x(6).
2, 3
Suppose 12 = 2*b + b. Suppose -5*y - 50 = -2*f - y, b*y - 55 = -5*f. List the prime factors of f.
3, 5
Suppose -2*i = 2*b - 1 - 13, -5*i = 4*b - 33. Suppose -j = -b*j + 6. List the prime factors of j.
2, 3
Let g be (-3)/1 - 7*-3. Suppose 3*m - m = g. Suppose 0*h - m = -h. List the prime factors of h.
3
Let b be 26*((-2)/(-12))/(4/12). Let r be 2/(-9) + 218/9. Suppose -g + 2*x + b = 0, 5*g - 5*x = 26 + r. What are the prime factors of g?
7
Let m(c) = -c + 58. Let r be m(0). Suppose -31 = -f - 5*y, -3 = 5*f + 5*y - r. Let t = f - 3. List the prime factors of t.
3
Let q = 117 + -58. Let h = 99 - q. What are the prime factors of h?
2, 5
Suppose 5*u = -0*u + 185. Let f be 381/18 - (3/18)/1. Let t = u - f. What are the prime factors of t?
2
Let f(a) = 40*a. What are the prime factors of f(1)?
2, 5
Let g = -18 - -25. List the prime factors of 93/7 + (-2)/g.
13
Let k = 44 + 165. List the prime factors of k.
11, 19
What are the prime factors of (-39)/(-5) - 24/30?
7
What are the prime factors of (-138)/12*-3*2?
3, 23
Let j(x) = 25*x**2 + x - 6. List the prime factors of j(2).
2, 3
Suppose 4*l = 12 + 4. Suppose -l*t + 4 = -r, 7*t = 2*r + 4*t - 7. What are the prime factors of r?
2
Suppose -2*i = 2*i + 8. Let c be (i - 1)*(-8)/(-12). List the prime factors of 13*1 + c + 1.
2, 3
Let h = -24 - -35. Let v = 20 - h. What are the prime factors of v?
3
Let u = -13 - -8. Let p(j) = -3*j**3 + 17*j**2 + 12*j - 9. Let c(g) = -g**3 + 8*g**2 + 6*g - 5. Let r(z) = u*c(z) + 2*p(z). List the prime factors of r(-5).
2, 3
Suppose -3*h = 2*n - 2*h - 4, -3*n + 5*h = -19. Suppose n*t = t + 10. Suppose -5*m = -3*y + 21, -t*y = -0*y + 4*m - 72. List the prime factors of y.
2, 3
Suppose -a = -8*j + 3*j + 12, 3*a - 18 = -3*j. Suppose 0 = 5*n + j - 33. Let y = n + 0. List the prime factors of y.
2, 3
Let l = -6 - -8. Suppose -l*n = -4*g + 10, -n + 5*n + 4 = 0. What are the prime factors of g?
2
Let p be (3/(-2))/(9/(-12)). Suppose -6 + 0 = -p*b. What are the prime factors of b?
3
Suppose -5*j + 308 = 123. What are the prime factors of j?
37
Let y be (18/(-15))/((-4)/10). Suppose 2*k - 30 = -y*k. List the prime factors of k.
2, 3
Let b(z) = -14*z**2 - 21*z - 2. Let p(c) = 5*c**2 + 7*c + 1. Let m(k) = 6*b(k) + 17*p(k). Let i be m(7). Suppose i*q - 24 = 2*q. List the prime factors of q.
2
Let x(g) = -35*g**3 - 5*g - 2. What are the prime factors of x(-2)?
2, 3
Let f = -3 - -3. Suppose f = 2*v - 28 - 0. What are the prime factors of v?
2, 7
Suppose 4*h - 14 = -3*q, 0 = 4*h - h + 3. Suppose -x = -3*x + q. What are the prime factors of x?
3
Let m(c) = c + 1. Let s be m(-3). Let j(l) = 9*l. Let t be j(s). List the prime factors of (-10)/45 + (-94)/t.
5
Suppose -3*o + 32 = -106. Suppose 0*x + 5*x - 3*v = 115, 0 = -2*x + 3*v + o. List the prime factors of x.
23
Suppose 5*t - 485 = -3*a, 2*t + 2*t - 388 = -3*a. Let f be 14/(-35) + t/5. Let j = f + -6. What are the prime factors of j?
13
Let h(o) = -o**2 - 13*o + 18. List the prime factors of h(-8).
2, 29
What are the prime factors of ((-780)/8)/(6/(-8))?
2, 5, 13
Let d = -3 - -1. Let b be ((-1)/d)/((-3)/6). List the prime factors of (0 - (3 + b))*-1.
2
Let r = 50 - -127. List the prime factors of r.
3, 59
Let u(a) = -a**2 + 7*a + 6. List the prime factors of u(6).
2, 3
Suppose 4*i = -i + 3*h - 20, 0 = 4*h - 20. Let r be (i - 0) + -1 - -8. Let a(p) = p. What are the prime factors of a(r)?
2, 3
Let g(n) = -1 - 10*n + 6*n + 5*n + 66*n**3 - n**2. Let f be g(1). What are the prime factors of 6/(-21) - f/(-7)?
3
Suppose 9*q = 4*q + 10. Suppose -a + 17 + 70 = 5*d, -5*a - 24 = -q*d. Let o = d - 5. What are the prime factors of o?
2, 3
Let b(q) = q**2 - q. Let d be b(-1). Suppose -r = -5*u - 26, r + d*r - 5*u = 68. List the prime factors of r.
3, 7
Let d(j) = j**3 - j + 2. Let a be d(0). Suppose 0*b = a*b - 22. What are the prime factors of b?
11
Let n = -8 + 73. List the prime factors of n.
5, 13
Let z(p) = 35*p**2 + p - 2. List the prime factors of z(1).
2, 17
Let m = 184 + 129. List the prime factors of m.
313
Let n be 8*(10/4 + -2). Let r = 8 - n. List the prime factors of r.
2
Let u(k) = -3*k - 9. Suppose 3*f = 6*f + 21. List the prime factors of u(f).
2, 3
Suppose 0*k + 60 = 3*k. Suppose -5*t = -0*t - f - 51, -5*f + 9 = -t. Let d = k - t. List the prime factors of d.
3
Suppose 0 - 70 = -2*s. What are the prime factors of s?
5, 7
Let o be (6/(-14))/((-4)/28). Suppose 12*a - o = 11*a. What are the prime factors of a?
3
Suppose 3*g = -5*d + 4, -2*d + 2 = 2*g + 2*d. Let s(m) = -3*m - 1. Let a be s(-1). Let h = g + a. List the prime factors of h.
5
Let y(p) be the first derivative of p**3 - p**2/2 + 3*p - 1. Let o be y(3). List the prime factors of 176/18 - (-6)/o.
2, 5
Let l be (-2)/4 + 44/8. Suppose m + 8 = l*m. What are the prime factors of m/3 + (-20)/(-6)?
2
Suppose 3*z - z + 246 = 0. Let h = -237 - z. List the prime factors of (-2)/3 + h/(-9).
2, 3
Suppose 4*u + 4 = 0, 3*u - 110 = -2*d + 43. What are the prime factors of d?
2, 3, 13
Let l(o) = -o**3 - 8*o**2 - 6*o + 7. Let x be l(-7). Suppose a - 2*a = x. Suppose 2*i - 6 + a = 0. What are the prime factors of i?
3
Let z be 4*(1 + 2/(-4)). Suppose 3*d = 24 + 12. Suppose -d - z = -2*g. What are the prime factors of g?
7
Suppose 2*b = 4*b - 4. Suppose -b*l + 0*l + 34 = 0. What are the prime factors of l?
17
Suppose 6*n - 7 = 131. List the prime factors of n.
23
Suppose 3*f - 2*f = 13. List the prime factors of f.
13
Suppose 5*y = -v + 31, -4*y - v = -3*v - 22. List the prime factors of 1/(-2)*-15*y.
3, 5
Let c(t) be the first derivative of t**2/2 - 3*t - 1. What are the prime factors of c(9)?
2, 3
Let o(m)